8693.
23, 1414291
List the prime factors of 1000667422.
2, 83, 607, 9931
What are the prime factors of 139319271?
3, 7, 13, 41, 461
What are the prime factors of 192672310?
2, 5, 79, 243889
What are the prime factors of 133551779?
17, 19, 313, 1321
What are the prime factors of 26419168?
2, 227, 3637
What are the prime factors of 33686201?
331, 101771
What are the prime factors of 121430210?
2, 5, 11, 1103911
List the prime factors of 318917968.
2, 19932373
List the prime factors of 73053812.
2, 13, 1404881
What are the prime factors of 55620295?
5, 113, 98443
What are the prime factors of 79495080?
2, 3, 5, 7, 101, 937
List the prime factors of 317978559.
3, 35330951
List the prime factors of 2096601282.
2, 3, 619, 188171
List the prime factors of 744430510.
2, 5, 17, 4379003
What are the prime factors of 10628576?
2, 7, 23, 2063
List the prime factors of 109287716.
2, 73, 241, 1553
List the prime factors of 2091989613.
3, 7, 99618553
List the prime factors of 47011820.
2, 5, 2350591
What are the prime factors of 21616777?
7, 13, 237547
List the prime factors of 766249582.
2, 7, 54732113
List the prime factors of 964211746.
2, 17, 907, 31267
What are the prime factors of 135993798?
2, 3, 7555211
List the prime factors of 5180371583.
1013, 5113891
What are the prime factors of 45236211?
3, 15078737
List the prime factors of 1466267588.
2, 157, 499, 4679
What are the prime factors of 761081010?
2, 3, 5, 25369367
List the prime factors of 116303534.
2, 58151767
What are the prime factors of 866245748?
2, 3329, 65053
What are the prime factors of 53892065?
5, 2113, 5101
What are the prime factors of 57779179?
787, 73417
List the prime factors of 162208460.
2, 5, 8110423
List the prime factors of 37040974.
2, 43, 430709
What are the prime factors of 59563064?
2, 11, 683, 991
What are the prime factors of 67244387?
7, 23, 41, 61, 167
List the prime factors of 59003499.
3, 19667833
What are the prime factors of 293854?
2, 11, 19, 37
What are the prime factors of 11581618?
2, 5790809
List the prime factors of 50709753.
3, 1878139
What are the prime factors of 1826158880?
2, 5, 7, 13, 125423
List the prime factors of 144611462.
2, 72305731
List the prime factors of 248114394.
2, 3, 11, 199, 2099
What are the prime factors of 100574845?
5, 7, 41, 109, 643
List the prime factors of 664981665.
3, 5, 19, 41, 56909
What are the prime factors of 372337743?
3, 10427, 11903
List the prime factors of 388420355.
5, 157, 494803
What are the prime factors of 260616098?
2, 29, 59, 76159
What are the prime factors of 247661110?
2, 5, 24766111
What are the prime factors of 43746140?
2, 5, 59, 131, 283
What are the prime factors of 2766435756?
2, 3, 7, 709, 46451
What are the prime factors of 1022964008?
2, 11, 23, 4177
List the prime factors of 199710572.
2, 53, 942031
What are the prime factors of 125819727?
3, 11, 3812719
What are the prime factors of 1258451?
1258451
List the prime factors of 169822167.
3, 239, 433, 547
List the prime factors of 296000.
2, 5, 37
List the prime factors of 1240911969.
3, 11, 509, 73877
What are the prime factors of 576100792?
2, 72012599
List the prime factors of 672256095.
3, 5, 7, 6402439
List the prime factors of 286865321.
286865321
What are the prime factors of 302186694?
2, 3, 3163, 15923
What are the prime factors of 51999033?
3, 409, 42379
List the prime factors of 11109056.
2, 7, 137, 181
List the prime factors of 297760389.
3, 17, 5838439
List the prime factors of 3818830629.
3, 1272943543
List the prime factors of 391411242.
2, 3, 21745069
List the prime factors of 325473585.
3, 5, 17, 71, 17977
List the prime factors of 552171222.
2, 3, 769, 13297
List the prime factors of 130805277.
3, 47, 79, 11743
List the prime factors of 824090070.
2, 3, 5, 27469669
List the prime factors of 246980094.
2, 3, 61, 199, 3391
What are the prime factors of 5041467816?
2, 3, 7, 11, 2728067
What are the prime factors of 1157081435?
5, 89, 373, 6971
List the prime factors of 93782055.
3, 5, 587, 10651
What are the prime factors of 36296464?
2, 61, 37189
List the prime factors of 2563114853.
13, 163, 1209587
What are the prime factors of 17810168?
2, 349, 6379
List the prime factors of 111129607.
111129607
List the prime factors of 712808484.
2, 3, 19, 3126353
What are the prime factors of 469191849?
3, 7, 22342469
List the prime factors of 64203682.
2, 59, 544099
List the prime factors of 260070413.
260070413
What are the prime factors of 21340060?
2, 5, 7, 152429
List the prime factors of 247051794.
2, 3, 11, 19, 10369
List the prime factors of 2084672667.
3, 7, 11, 9024557
What are the prime factors of 174343693?
1063, 164011
List the prime factors of 544646286.
2, 3, 19, 1592533
List the prime factors of 197274532.
2, 7, 13, 67, 8089
List the prime factors of 1327344225.
3, 5, 613, 28871
What are the prime factors of 225706562?
2, 112853281
What are the prime factors of 1760219985?
3, 5, 257, 456607
List the prime factors of 2504906.
2, 673, 1861
List the prime factors of 193739151.
3, 1459, 44263
List the prime factors of 48694916.
2, 53, 229693
What are the prime factors of 4380758512?
2, 13, 1620103
What are the prime factors of 219777911?
219777911
What are the prime factors of 78706328?
2, 17, 557, 1039
What are the prime factors of 93943194?
2, 3, 313, 50023
What are the prime factors of 392465640?
2, 3, 5, 7, 59, 7919
List the prime factors of 57330378.
2, 3, 7, 455003
What are the prime factors of 281036989?
109, 113, 22817
List the prime factors of 33730401.
3, 11243467
What are the prime factors of 294762566?
2, 7, 139, 151471
What are the prime factors of 3109161807?
3, 17, 571, 11863
List the prime factors of 20966070.
2, 3, 5, 191, 3659
List the prime factors of 3971158433.
11, 361014403
What are the prime factors of 862234919?
7, 13, 197, 6871
List the prime factors of 9402566.
2, 587, 8009
List the prime factors of 8346065396.
2, 31, 53, 929, 1367
What are the prime factors of 979471654?
2, 7, 479, 146059
What are the prime factors of 648284567?
7, 383, 241807
What are the prime factors of 50054355?
3, 5, 13, 3169
What are the prime factors of 201282859?
61, 673, 4903
What are the prime factors of 1342085002?
2, 671042501
List the prime factors of 2810023186.
2, 1405011593
List the prime factors of 659139012.
2, 3, 7, 181, 4817
What are the prime factors of 191281086?
2, 3, 10626727
What are the prime factors of 54235208?
2, 691, 9811
What are the prime factors of 614760838?
2, 307380419
List the prime factors of 500573131.
500573131
What are the prime factors of 1062492630?
2, 3, 5, 35416421
What are the prime factors of 16827217?
11, 19, 80513
List the prime factors of 899274520.
2, 5, 179, 125597
What are the prime factors of 103905557?
7, 14843651
What are the prime factors of 46165803?
3, 1033, 14897
List the prime factors of 2295889614.
2, 3, 167, 197, 3877
What are the prime factors of 3916720287?
3, 17, 19, 1347341
List the prime factors of 40246939.
17, 2367467
What are the prime factors of 72943954?
2, 36471977
List the prime factors of 232094962.
2, 11, 10549771
What are the prime factors of 5929626?
2, 3, 988271
List the prime factors of 190254926.
2, 95127463
List the prime factors of 35099979.
3, 11699993
List the prime factors of 74409517.
7, 13, 31, 2029
List the prime factors of 263840448.
2, 3, 59, 23291
What are the prime factors of 3784710?
2, 3, 5, 17, 41, 181
List the prime factors of 3507761.
19, 353, 523
What are the prime factors of 6611059024?
2, 13177, 31357
List the prime factors of 883032838.
2, 441516419
What are the prime factors of 76963441?
37, 157, 13249
What are the prime factors of 2861306747?
13, 220100519
What are the prime factors of 156156454?
2, 41, 131, 14537
List the prime factors of 1832906408.
2, 17, 1367, 9859
What are the prime factors of 4525790?
2, 5, 452579
List the prime factors of 127792557.
3, 14199173
What are the prime factors of 56092471?
101, 127, 4373
What are the prime factors of 5111833567?
29, 31, 5686133
What are the prime factors of 1066165928?
2, 133270741
What are the prime factors of 6168822658?
2, 2797, 1102757
What are the prime factors of 5328199?
29, 313, 587
List the prime factors of 14238125.
5, 11, 19, 109
List the prime factors of 1970088540.
2